ime factors of 3197932.
2, 799483
List the prime factors of 1365405.
3, 5, 227, 401
What are the prime factors of 9484269?
3, 131, 24133
What are the prime factors of 16088?
2, 2011
What are the prime factors of 325451?
7, 19, 2447
What are the prime factors of 6721590?
2, 3, 5, 61, 3673
List the prime factors of 3254936.
2, 179, 2273
List the prime factors of 1703488.
2, 43, 619
What are the prime factors of 1631354?
2, 17, 47981
List the prime factors of 3811280.
2, 5, 11, 61, 71
What are the prime factors of 339593?
71, 4783
What are the prime factors of 16655005?
5, 3331001
List the prime factors of 121911.
3, 40637
What are the prime factors of 1870021?
1870021
List the prime factors of 13683785.
5, 2736757
List the prime factors of 3463158.
2, 3, 577193
What are the prime factors of 16683775?
5, 667351
List the prime factors of 25045424.
2, 41, 73, 523
List the prime factors of 11741148.
2, 3, 326143
List the prime factors of 818863.
311, 2633
List the prime factors of 10628952.
2, 3, 107, 4139
List the prime factors of 4635217.
59, 251, 313
What are the prime factors of 1411072?
2, 13, 53
List the prime factors of 4398130.
2, 5, 11, 39983
What are the prime factors of 19442836?
2, 7, 694387
What are the prime factors of 1241267?
1241267
List the prime factors of 9904346.
2, 4952173
List the prime factors of 8309147.
7, 11, 31, 59
List the prime factors of 6665974.
2, 7, 311, 1531
What are the prime factors of 1159661?
1159661
List the prime factors of 924680.
2, 5, 23117
What are the prime factors of 91428?
2, 3, 19, 401
List the prime factors of 3185589.
3, 11, 37, 2609
What are the prime factors of 376620?
2, 3, 5, 6277
What are the prime factors of 30119?
30119
List the prime factors of 1297977.
3, 432659
List the prime factors of 399515.
5, 79903
List the prime factors of 38596585.
5, 43, 179519
List the prime factors of 29047810.
2, 5, 11, 264071
List the prime factors of 3631051.
101, 35951
List the prime factors of 2210820.
2, 3, 5, 36847
What are the prime factors of 19569786?
2, 3, 3261631
List the prime factors of 6153545.
5, 449, 2741
List the prime factors of 88610.
2, 5, 8861
What are the prime factors of 252285?
3, 5, 11, 139
List the prime factors of 77439.
3, 83, 311
List the prime factors of 13594775.
5, 543791
List the prime factors of 532443.
3, 177481
List the prime factors of 1896835.
5, 97, 3911
List the prime factors of 8187610.
2, 5, 733, 1117
What are the prime factors of 391758?
2, 3, 65293
What are the prime factors of 4879741?
31, 157411
List the prime factors of 348698.
2, 7, 24907
List the prime factors of 6030484.
2, 827, 1823
List the prime factors of 9853106.
2, 43, 114571
List the prime factors of 31654809.
3, 137, 25673
What are the prime factors of 37338180?
2, 3, 5, 11, 37, 139
What are the prime factors of 216399?
3, 53, 1361
What are the prime factors of 195405?
3, 5, 7, 1861
What are the prime factors of 460473?
3, 13, 11807
What are the prime factors of 53422?
2, 26711
What are the prime factors of 4442237?
701, 6337
List the prime factors of 5146657.
101, 50957
List the prime factors of 3724016.
2, 232751
List the prime factors of 497993.
497993
List the prime factors of 5503185.
3, 5, 29, 4217
List the prime factors of 16604192.
2, 11, 43, 1097
List the prime factors of 5410191.
3, 607, 2971
List the prime factors of 447625.
5, 3581
What are the prime factors of 1700434?
2, 41, 89, 233
What are the prime factors of 960736?
2, 7, 4289
What are the prime factors of 713416?
2, 11, 67
List the prime factors of 92331.
3, 10259
What are the prime factors of 5580160?
2, 5, 8719
What are the prime factors of 710561?
710561
What are the prime factors of 1237696?
2, 83, 233
List the prime factors of 66989.
13, 5153
What are the prime factors of 5047666?
2, 13, 194141
List the prime factors of 3725294.
2, 1862647
What are the prime factors of 105276?
2, 3, 31, 283
List the prime factors of 49323.
3, 41, 401
What are the prime factors of 245554?
2, 122777
List the prime factors of 10071980.
2, 5, 503599
List the prime factors of 175055.
5, 157, 223
What are the prime factors of 15706012?
2, 7, 560929
What are the prime factors of 2637011?
13, 71, 2857
What are the prime factors of 544735?
5, 108947
What are the prime factors of 464930?
2, 5, 19, 2447
What are the prime factors of 30387455?
5, 7, 43, 61, 331
What are the prime factors of 7885896?
2, 3, 328579
What are the prime factors of 3121057?
3121057
What are the prime factors of 6939827?
6939827
List the prime factors of 17377498.
2, 47, 223, 829
List the prime factors of 24737956.
2, 409, 15121
List the prime factors of 5294163.
3, 7, 23, 97, 113
What are the prime factors of 145021?
145021
List the prime factors of 448123.
13, 34471
What are the prime factors of 302830?
2, 5, 11, 2753
List the prime factors of 1748043.
3, 11, 17657
List the prime factors of 215380.
2, 5, 11, 89
What are the prime factors of 1461785?
5, 13, 43, 523
What are the prime factors of 30522892?
2, 19, 269, 1493
List the prime factors of 239881.
97, 2473
What are the prime factors of 212267?
11, 23, 839
What are the prime factors of 806935?
5, 161387
What are the prime factors of 37263?
3, 12421
List the prime factors of 12737150.
2, 5, 269, 947
List the prime factors of 375792.
2, 3, 7829
What are the prime factors of 1158872?
2, 11, 13, 1013
List the prime factors of 3730673.
37, 100829
List the prime factors of 721666.
2, 11, 32803
What are the prime factors of 9561798?
2, 3, 479, 1109
List the prime factors of 15385205.
5, 11, 279731
List the prime factors of 273922.
2, 11, 12451
List the prime factors of 291541.
47, 6203
What are the prime factors of 3382073?
47, 227, 317
What are the prime factors of 3772980?
2, 3, 5, 17, 137
List the prime factors of 29986.
2, 11, 29, 47
What are the prime factors of 238200?
2, 3, 5, 397
List the prime factors of 274416.
2, 3, 5717
What are the prime factors of 219272?
2, 27409
What are the prime factors of 42151354?
2, 7, 3010811
List the prime factors of 3753513.
3, 43, 53, 61
List the prime factors of 4552906.
2, 17, 7877
List the prime factors of 1101255.
3, 5, 73417
What are the prime factors of 9431339?
223, 42293
List the prime factors of 425135.
5, 85027
List the prime factors of 9844151.
127, 77513
List the prime factors of 1696.
2, 53
List the prime factors of 706468.
2, 7, 23, 1097
What are the prime factors of 14344259?
19, 47, 16063
What are the prime factors of 642213?
3, 11, 13, 499
List the prime factors of 1104935.
5, 13, 89, 191
List the prime factors of 46566.
2, 3, 13, 199
What are the prime factors of 9706349?
9706349
What are the prime factors of 3797005?
5, 759401
What are the prime factors of 29872066?
2, 7, 19, 61, 263
What are the prime factors of 4285321?
4285321
What are the prime factors of 356928?
2, 3, 11, 13
What are the prime factors of 446228?
2, 281, 397
What are the prime factors of 3518870?
2, 5, 351887
List the prime factors of 2149088.
2, 239, 281
What are the prime factors of 1351672?
2, 7, 24137
List the prime factors of 230894.
2, 17, 6791
What are the prime factors of 3038231?
7, 23, 113, 167
What are the prime factors of 2380596?
2, 3, 283, 701
What are the prime factors of 558687?
3, 186229
List the prime factors of 345141.
3, 4261
List the prime factors of 280627.
280627
List the prime factors of 197169.
3, 7, 41, 229
What are the prime factors of 835326?
2, 3, 31, 499
What are the prime factors of 21438530?
2, 5, 17, 23, 5483
What are the prime factors of 1142013?
3, 151, 2521
What are the prime factors of 20633034?
2, 3, 43, 79973
List the prime factors of 34170.
2, 3, 5, 17, 67
What are the prime factors of 4687747?
4687747
What are the prime factors of 16958815?
5, 251, 13513
What are the prime factors of 2382241?
251, 9491
List the prime factors of 54481.
7, 43, 181
What are the prime factors of 336683?
336683
What are the prime factors of 398834?
2, 199417
What are the prime factors of 58440?
2, 3, 5, 487
What are the prime factors of 108387?
3, 12043
What are the prime factors of 13945564?
2, 3486391
List the prime factors of 10411538.
2, 5205769
List the prime factors of 1209187.
7, 172741
List the prime factors of 494543.
7, 31, 43, 53
List the prime factors of 342013.
7, 488